[INFO] fetching crate artemis 0.1.0-alpha.1...
[INFO] checking artemis-0.1.0-alpha.1 against master#af3c6e733a40e671550e0f0f5aeecaa13772ba56 for pr-74989
[INFO] extracting crate artemis 0.1.0-alpha.1 into /workspace/builds/worker-4/source
[INFO] validating manifest of crates.io crate artemis 0.1.0-alpha.1 on toolchain af3c6e733a40e671550e0f0f5aeecaa13772ba56
[INFO] running `Command { std: "/workspace/cargo-home/bin/cargo" "+af3c6e733a40e671550e0f0f5aeecaa13772ba56" "read-manifest" "--manifest-path" "Cargo.toml", kill_on_drop: false }`
[INFO] started tweaking crates.io crate artemis 0.1.0-alpha.1
[INFO] finished tweaking crates.io crate artemis 0.1.0-alpha.1
[INFO] tweaked toml for crates.io crate artemis 0.1.0-alpha.1 written to /workspace/builds/worker-4/source/Cargo.toml
[INFO] running `Command { std: "/workspace/cargo-home/bin/cargo" "+af3c6e733a40e671550e0f0f5aeecaa13772ba56" "generate-lockfile" "--manifest-path" "Cargo.toml" "-Zno-index-update", kill_on_drop: false }`
[INFO] [stderr]     Blocking waiting for file lock on package cache
[INFO] running `Command { std: "/workspace/cargo-home/bin/cargo" "+af3c6e733a40e671550e0f0f5aeecaa13772ba56" "fetch" "--locked" "--manifest-path" "Cargo.toml", kill_on_drop: false }`
[INFO] [stderr]     Blocking waiting for file lock on package cache
[INFO] [stderr]     Blocking waiting for file lock on package cache
[INFO] running `Command { std: "docker" "create" "-v" "/var/lib/crater-agent-workspace/builds/worker-4/target:/opt/rustwide/target:rw,Z" "-v" "/var/lib/crater-agent-workspace/builds/worker-4/source:/opt/rustwide/workdir:ro,Z" "-v" "/var/lib/crater-agent-workspace/cargo-home:/opt/rustwide/cargo-home:ro,Z" "-v" "/var/lib/crater-agent-workspace/rustup-home:/opt/rustwide/rustup-home:ro,Z" "-e" "SOURCE_DIR=/opt/rustwide/workdir" "-e" "CARGO_TARGET_DIR=/opt/rustwide/target" "-e" "CARGO_HOME=/opt/rustwide/cargo-home" "-e" "RUSTUP_HOME=/opt/rustwide/rustup-home" "-w" "/opt/rustwide/workdir" "-m" "1610612736" "--user" "0:0" "--network" "none" "rustops/crates-build-env@sha256:d92eaeed33fa75130ca1ee6c8a01d1ffb62bac859dfdfb3450e3e5d1c0146529" "/opt/rustwide/cargo-home/bin/cargo" "+af3c6e733a40e671550e0f0f5aeecaa13772ba56" "metadata" "--no-deps" "--format-version=1", kill_on_drop: false }`
[INFO] [stdout] f5ec1a3b36c95f73b97cbccbb39e643cc9ab8179df9eb97ee5d28d536141a98c
[INFO] [stderr] WARNING: Your kernel does not support swap limit capabilities or the cgroup is not mounted. Memory limited without swap.
[INFO] running `Command { std: "docker" "start" "-a" "f5ec1a3b36c95f73b97cbccbb39e643cc9ab8179df9eb97ee5d28d536141a98c", kill_on_drop: false }`
[INFO] running `Command { std: "docker" "inspect" "f5ec1a3b36c95f73b97cbccbb39e643cc9ab8179df9eb97ee5d28d536141a98c", kill_on_drop: false }`
[INFO] running `Command { std: "docker" "rm" "-f" "f5ec1a3b36c95f73b97cbccbb39e643cc9ab8179df9eb97ee5d28d536141a98c", kill_on_drop: false }`
[INFO] [stdout] f5ec1a3b36c95f73b97cbccbb39e643cc9ab8179df9eb97ee5d28d536141a98c
[INFO] running `Command { std: "docker" "create" "-v" "/var/lib/crater-agent-workspace/builds/worker-4/target:/opt/rustwide/target:rw,Z" "-v" "/var/lib/crater-agent-workspace/builds/worker-4/source:/opt/rustwide/workdir:ro,Z" "-v" "/var/lib/crater-agent-workspace/cargo-home:/opt/rustwide/cargo-home:ro,Z" "-v" "/var/lib/crater-agent-workspace/rustup-home:/opt/rustwide/rustup-home:ro,Z" "-e" "SOURCE_DIR=/opt/rustwide/workdir" "-e" "CARGO_TARGET_DIR=/opt/rustwide/target" "-e" "CARGO_INCREMENTAL=0" "-e" "RUST_BACKTRACE=full" "-e" "RUSTFLAGS=--cap-lints=forbid" "-e" "CARGO_HOME=/opt/rustwide/cargo-home" "-e" "RUSTUP_HOME=/opt/rustwide/rustup-home" "-w" "/opt/rustwide/workdir" "-m" "1610612736" "--user" "0:0" "--network" "none" "rustops/crates-build-env@sha256:d92eaeed33fa75130ca1ee6c8a01d1ffb62bac859dfdfb3450e3e5d1c0146529" "/opt/rustwide/cargo-home/bin/cargo" "+af3c6e733a40e671550e0f0f5aeecaa13772ba56" "check" "--frozen" "--all" "--all-targets" "--message-format=json", kill_on_drop: false }`
[INFO] [stdout] 861327c25b1f54956cce6fd7b8227481052b9459d56932256380e48e9165b038
[INFO] [stderr] WARNING: Your kernel does not support swap limit capabilities or the cgroup is not mounted. Memory limited without swap.
[INFO] running `Command { std: "docker" "start" "-a" "861327c25b1f54956cce6fd7b8227481052b9459d56932256380e48e9165b038", kill_on_drop: false }`
[INFO] [stderr]    Compiling proc-macro2 v1.0.21
[INFO] [stderr]    Compiling unicode-xid v0.2.1
[INFO] [stderr]    Compiling libc v0.2.77
[INFO] [stderr]    Compiling syn v1.0.40
[INFO] [stderr]    Compiling autocfg v1.0.1
[INFO] [stderr]     Checking cfg-if v0.1.10
[INFO] [stderr]    Compiling memchr v2.3.3
[INFO] [stderr]    Compiling serde_derive v1.0.116
[INFO] [stderr]    Compiling log v0.4.11
[INFO] [stderr]    Compiling serde v1.0.116
[INFO] [stderr]    Compiling getrandom v0.1.15
[INFO] [stderr]     Checking lazy_static v1.4.0
[INFO] [stderr]    Compiling ryu v1.0.5
[INFO] [stderr]    Compiling autocfg v0.1.7
[INFO] [stderr]    Compiling proc-macro-hack v0.5.18
[INFO] [stderr]    Compiling serde_json v1.0.57
[INFO] [stderr]    Compiling maybe-uninit v2.0.0
[INFO] [stderr]    Compiling rand_core v0.4.2
[INFO] [stderr]     Checking itoa v0.4.6
[INFO] [stderr]     Checking slab v0.4.2
[INFO] [stderr]    Compiling siphasher v0.3.3
[INFO] [stderr]     Checking futures-core v0.3.5
[INFO] [stderr]    Compiling ppv-lite86 v0.2.9
[INFO] [stderr]    Compiling ident_case v1.0.1
[INFO] [stderr]    Compiling pkg-config v0.3.18
[INFO] [stderr]    Compiling strsim v0.9.3
[INFO] [stderr]    Compiling tinyvec v0.3.4
[INFO] [stderr]    Compiling matches v0.1.8
[INFO] [stderr]    Compiling fnv v1.0.7
[INFO] [stderr]     Checking bytes v0.5.6
[INFO] [stderr]    Compiling pin-project-internal v0.4.23
[INFO] [stderr]     Checking arc-swap v0.4.7
[INFO] [stderr]    Compiling proc-macro-nested v0.1.6
[INFO] [stderr]    Compiling bitflags v1.2.1
[INFO] [stderr]    Compiling wasm-bindgen-shared v0.2.68
[INFO] [stderr]     Checking futures-sink v0.3.5
[INFO] [stderr]    Compiling stable_deref_trait v1.2.0
[INFO] [stderr]    Compiling percent-encoding v1.0.1
[INFO] [stderr]    Compiling scopeguard v0.3.3
[INFO] [stderr]    Compiling version_check v0.9.2
[INFO] [stderr]    Compiling either v1.6.0
[INFO] [stderr]     Checking pin-project-lite v0.1.7
[INFO] [stderr]    Compiling precomputed-hash v0.1.1
[INFO] [stderr]    Compiling new_debug_unreachable v1.0.4
[INFO] [stderr]     Checking pin-utils v0.1.0
[INFO] [stderr]     Checking scopeguard v1.1.0
[INFO] [stderr]     Checking futures-io v0.3.5
[INFO] [stderr]    Compiling if_chain v0.1.3
[INFO] [stderr]    Compiling unicode-width v0.1.8
[INFO] [stderr]    Compiling openssl v0.10.30
[INFO] [stderr]    Compiling termcolor v1.1.0
[INFO] [stderr]    Compiling scoped-tls v1.0.0
[INFO] [stderr]    Compiling gimli v0.22.0
[INFO] [stderr]     Checking foreign-types-shared v0.1.1
[INFO] [stderr]    Compiling adler v0.2.3
[INFO] [stderr]    Compiling failure_derive v0.1.8
[INFO] [stderr]    Compiling rustc-demangle v0.1.16
[INFO] [stderr]    Compiling void v1.0.2
[INFO] [stderr]     Checking hashbrown v0.9.0
[INFO] [stderr]    Compiling object v0.20.0
[INFO] [stderr]    Compiling httparse v1.3.4
[INFO] [stderr]    Compiling native-tls v0.2.4
[INFO] [stderr]    Compiling wasm-bindgen v0.2.68
[INFO] [stderr]    Compiling smallvec v1.4.2
[INFO] [stderr]    Compiling once_cell v1.4.1
[INFO] [stderr]    Compiling ascii v0.9.3
[INFO] [stderr]     Checking try-lock v0.2.3
[INFO] [stderr]     Checking openssl-probe v0.1.2
[INFO] [stderr]     Checking tower-service v0.3.0
[INFO] [stderr]    Compiling unicode-segmentation v1.6.0
[INFO] [stderr]     Checking percent-encoding v2.1.0
[INFO] [stderr]     Checking dtoa v0.4.6
[INFO] [stderr]     Checking regex-syntax v0.6.18
[INFO] [stderr]     Checking no-std-compat v0.2.0
[INFO] [stderr]     Checking base64 v0.12.3
[INFO] [stderr]     Checking tracing-core v0.1.16
[INFO] [stderr]     Checking thread_local v1.0.1
[INFO] [stderr]    Compiling rand_core v0.3.1
[INFO] [stderr]    Compiling rand_jitter v0.1.4
[INFO] [stderr]    Compiling phf_shared v0.8.0
[INFO] [stderr]    Compiling unicode-bidi v0.3.4
[INFO] [stderr]    Compiling owning_ref v0.4.1
[INFO] [stderr]     Checking futures-channel v0.3.5
[INFO] [stderr]    Compiling rand_pcg v0.1.2
[INFO] [stderr]    Compiling rand_chacha v0.1.1
[INFO] [stderr]    Compiling rand v0.6.5
[INFO] [stderr]    Compiling hashbrown v0.6.3
[INFO] [stderr]    Compiling unicode-normalization v0.1.13
[INFO] [stderr]    Compiling num-traits v0.2.12
[INFO] [stderr]    Compiling num-integer v0.1.43
[INFO] [stderr]    Compiling crossbeam-utils v0.7.2
[INFO] [stderr]    Compiling num-bigint v0.2.6
[INFO] [stderr]    Compiling indexmap v1.6.0
[INFO] [stderr]    Compiling memoffset v0.5.5
[INFO] [stderr]    Compiling crossbeam-epoch v0.8.2
[INFO] [stderr]    Compiling rayon v1.4.0
[INFO] [stderr]     Checking lock_api v0.3.4
[INFO] [stderr]     Checking http v0.2.1
[INFO] [stderr]     Checking foreign-types v0.3.2
[INFO] [stderr]    Compiling miniz_oxide v0.4.1
[INFO] [stderr]    Compiling unreachable v1.0.0
[INFO] [stderr]    Compiling unicase v2.6.0
[INFO] [stderr]     Checking textwrap v0.11.0
[INFO] [stderr]     Checking stable-vec v0.4.0
[INFO] [stderr]    Compiling openssl-sys v0.9.58
[INFO] [stderr]     Checking itertools v0.9.0
[INFO] [stderr]    Compiling byteorder v1.3.4
[INFO] [stderr]    Compiling rand_xorshift v0.1.1
[INFO] [stderr]    Compiling rand_hc v0.1.0
[INFO] [stderr]    Compiling rand_isaac v0.1.1
[INFO] [stderr]    Compiling heck v0.3.1
[INFO] [stderr]    Compiling lock_api v0.1.5
[INFO] [stderr]     Checking idna v0.2.0
[INFO] [stderr]     Checking encoding_rs v0.8.24
[INFO] [stderr]     Checking regex-automata v0.1.9
[INFO] [stderr]    Compiling parking_lot_core v0.4.0
[INFO] [stderr]     Checking aho-corasick v0.7.13
[INFO] [stderr]     Checking csv-core v0.1.10
[INFO] [stderr]     Checking tracing v0.1.19
[INFO] [stderr]     Checking want v0.3.0
[INFO] [stderr]    Compiling base64 v0.10.1
[INFO] [stderr]    Compiling fxhash v0.2.1
[INFO] [stderr]    Compiling combine v3.8.1
[INFO] [stderr]    Compiling smallvec v0.6.13
[INFO] [stderr]    Compiling idna v0.1.5
[INFO] [stderr]     Checking clap v2.33.3
[INFO] [stderr]    Compiling quote v1.0.7
[INFO] [stderr]    Compiling rand_os v0.1.3
[INFO] [stderr]    Compiling num_cpus v1.13.0
[INFO] [stderr]    Compiling atty v0.2.14
[INFO] [stderr]     Checking iovec v0.1.4
[INFO] [stderr]     Checking net2 v0.2.35
[INFO] [stderr]     Checking signal-hook-registry v1.2.1
[INFO] [stderr]     Checking socket2 v0.3.15
[INFO] [stderr]     Checking time v0.1.44
[INFO] [stderr]     Checking parking_lot_core v0.7.2
[INFO] [stderr]     Checking url v2.1.1
[INFO] [stderr]     Checking crossbeam-channel v0.4.4
[INFO] [stderr]     Checking http-body v0.3.1
[INFO] [stderr]    Compiling wasm-bindgen-test-macro v0.3.18
[INFO] [stderr]    Compiling criterion-macro v0.3.3
[INFO] [stderr]     Checking regex v1.3.9
[INFO] [stderr]    Compiling url v1.7.2
[INFO] [stderr]    Compiling rand_core v0.5.1
[INFO] [stderr]    Compiling mime_guess v2.0.3
[INFO] [stderr]    Compiling addr2line v0.13.0
[INFO] [stderr]    Compiling const-random-macro v0.1.8
[INFO] [stderr]     Checking parking_lot v0.10.2
[INFO] [stderr]     Checking mio v0.6.22
[INFO] [stderr]     Checking criterion-plot v0.4.3
[INFO] [stderr]     Checking crossbeam-deque v0.7.3
[INFO] [stderr]     Checking plotters v0.2.15
[INFO] [stderr]    Compiling rand_chacha v0.2.2
[INFO] [stderr]    Compiling rand_pcg v0.2.1
[INFO] [stderr]    Compiling backtrace v0.3.50
[INFO] [stderr]     Checking rayon-core v1.8.0
[INFO] [stderr]     Checking mio-uds v0.6.8
[INFO] [stderr]    Compiling rand v0.7.3
[INFO] [stderr]    Compiling const-random v0.1.8
[INFO] [stderr]    Compiling ahash v0.3.8
[INFO] [stderr]    Compiling ahash v0.2.18
[INFO] [stderr]    Compiling parking_lot v0.7.1
[INFO] [stderr]    Compiling dashmap v3.5.1
[INFO] [stderr]    Compiling phf_generator v0.8.0
[INFO] [stderr]    Compiling string_cache_codegen v0.5.1
[INFO] [stderr]    Compiling swc_atoms v0.2.2
[INFO] [stderr]    Compiling pmutil v0.5.3
[INFO] [stderr]    Compiling darling_core v0.10.2
[INFO] [stderr]    Compiling wasm-bindgen-backend v0.2.68
[INFO] [stderr]    Compiling synstructure v0.12.4
[INFO] [stderr]    Compiling swc_macros_common v0.3.1
[INFO] [stderr]    Compiling wasm-bindgen-macro-support v0.2.68
[INFO] [stderr]    Compiling tokio-macros v0.2.5
[INFO] [stderr]    Compiling futures-macro v0.3.5
[INFO] [stderr]    Compiling from_variant v0.1.2
[INFO] [stderr]    Compiling string_enum v0.3.0
[INFO] [stderr]    Compiling enum_kind v0.2.0
[INFO] [stderr]    Compiling wasm-bindgen-macro v0.2.68
[INFO] [stderr]    Compiling swc_ecma_parser_macros v0.4.1
[INFO] [stderr]    Compiling async-trait v0.1.40
[INFO] [stderr]    Compiling darling_macro v0.10.2
[INFO] [stderr]    Compiling failure v0.1.8
[INFO] [stderr]    Compiling darling v0.10.2
[INFO] [stderr]    Compiling ast_node v0.6.1
[INFO] [stderr]     Checking tokio v0.2.22
[INFO] [stderr]    Compiling graphql-parser v0.2.3
[INFO] [stderr]     Checking pin-project v0.4.23
[INFO] [stderr]     Checking futures-util v0.3.5
[INFO] [stderr]     Checking tokio-util v0.3.1
[INFO] [stderr]     Checking tokio-tls v0.3.1
[INFO] [stderr]     Checking tokio-test v0.2.1
[INFO] [stderr]     Checking h2 v0.2.6
[INFO] [stderr]     Checking futures-executor v0.3.5
[INFO] [stderr]     Checking futures v0.3.5
[INFO] [stderr]     Checking bstr v0.2.13
[INFO] [stderr]     Checking serde_urlencoded v0.6.1
[INFO] [stderr]     Checking serde_cbor v0.11.1
[INFO] [stderr]     Checking bincode v1.3.1
[INFO] [stderr]    Compiling string_cache v0.8.0
[INFO] [stderr]    Compiling dprint-core v0.12.0
[INFO] [stderr]     Checking csv v1.1.3
[INFO] [stderr]     Checking hyper v0.13.7
[INFO] [stderr]     Checking tinytemplate v1.1.0
[INFO] [stderr]     Checking criterion v0.3.3
[INFO] [stderr]    Compiling sourcemap v5.0.0
[INFO] [stderr]     Checking js-sys v0.3.45
[INFO] [stderr]     Checking console_error_panic_hook v0.1.6
[INFO] [stderr]    Compiling swc_common v0.5.9
[INFO] [stderr]    Compiling swc_ecma_ast v0.18.1
[INFO] [stderr]     Checking hyper-tls v0.4.3
[INFO] [stderr]     Checking wasm-bindgen-futures v0.4.18
[INFO] [stderr]     Checking reqwest v0.10.8
[INFO] [stderr]     Checking wasm-bindgen-test v0.3.18
[INFO] [stderr]    Compiling swc_ecma_parser v0.21.9
[INFO] [stderr]    Compiling dprint-plugin-typescript v0.9.11
[INFO] [stderr]    Compiling artemis_codegen v0.1.0-alpha.0
[INFO] [stderr]    Compiling artemis-codegen-proc-macro v0.1.0-alpha.0
[INFO] [stderr]     Checking artemis v0.1.0-alpha.1 (/opt/rustwide/workdir)
[INFO] [stdout] error[E0433]: failed to resolve: use of undeclared type or module `artemis_test`
[INFO] [stdout]    --> src/default_exchanges/dedup.rs:125:9
[INFO] [stdout]     |
[INFO] [stdout] 125 |     use artemis_test::get_conference::{
[INFO] [stdout]     |         ^^^^^^^^^^^^ use of undeclared type or module `artemis_test`
[INFO] [stdout] 
[INFO] [stdout] 
[INFO] [stdout] error[E0412]: cannot find type `Variables` in this scope
[INFO] [stdout]    --> src/default_exchanges/dedup.rs:134:31
[INFO] [stdout]     |
[INFO] [stdout] 134 |         static ref VARIABLES: Variables = Variables {
[INFO] [stdout]     |                               ^^^^^^^^^ not found in this scope
[INFO] [stdout] 
[INFO] [stdout] 
[INFO] [stdout] error[E0422]: cannot find struct, variant or union type `Variables` in this scope
[INFO] [stdout]    --> src/default_exchanges/dedup.rs:134:43
[INFO] [stdout]     |
[INFO] [stdout] 134 |         static ref VARIABLES: Variables = Variables {
[INFO] [stdout]     |                                           ^^^^^^^^^ not found in this scope
[INFO] [stdout] 
[INFO] [stdout] 
[INFO] [stdout] error[E0412]: cannot find type `Variables` in this scope
[INFO] [stdout]    --> src/default_exchanges/dedup.rs:179:40
[INFO] [stdout]     |
[INFO] [stdout] 179 |     fn make_operation(query: QueryBody<Variables>, meta: OperationMeta) -> Operation<Variables> {
[INFO] [stdout]     |                      -                 ^^^^^^^^^ not found in this scope
[INFO] [stdout]     |                      |
[INFO] [stdout]     |                      help: you might be missing a type parameter: `<Variables>`
[INFO] [stdout] 
[INFO] [stdout] 
[INFO] [stdout] error[E0412]: cannot find type `Variables` in this scope
[INFO] [stdout]    --> src/default_exchanges/dedup.rs:179:86
[INFO] [stdout]     |
[INFO] [stdout] 179 |     fn make_operation(query: QueryBody<Variables>, meta: OperationMeta) -> Operation<Variables> {
[INFO] [stdout]     |                      - help: you might be missing a type parameter: `<Variables>`    ^^^^^^^^^ not found in this scope
[INFO] [stdout] 
[INFO] [stdout] 
[INFO] [stdout] error[E0412]: cannot find type `Variables` in this scope
[INFO] [stdout]    --> src/default_exchanges/dedup.rs:193:31
[INFO] [stdout]     |
[INFO] [stdout] 193 |     fn build_query(variables: Variables) -> (QueryBody<Variables>, OperationMeta) {
[INFO] [stdout]     |                               ^^^^^^^^^ not found in this scope
[INFO] [stdout] 
[INFO] [stdout] 
[INFO] [stdout] error[E0412]: cannot find type `Variables` in this scope
[INFO] [stdout]    --> src/default_exchanges/dedup.rs:193:56
[INFO] [stdout]     |
[INFO] [stdout] 193 |     fn build_query(variables: Variables) -> (QueryBody<Variables>, OperationMeta) {
[INFO] [stdout]     |                   -                                    ^^^^^^^^^ not found in this scope
[INFO] [stdout]     |                   |
[INFO] [stdout]     |                   help: you might be missing a type parameter: `<Variables>`
[INFO] [stdout] 
[INFO] [stdout] 
[INFO] [stdout] error[E0425]: cannot find value `QUERY` in this scope
[INFO] [stdout]    --> src/default_exchanges/dedup.rs:201:20
[INFO] [stdout]     |
[INFO] [stdout] 201 |             query: QUERY,
[INFO] [stdout]     |                    ^^^^^ not found in this scope
[INFO] [stdout] 
[INFO] [stdout] 
[INFO] [stdout] error[E0425]: cannot find value `OPERATION_NAME` in this scope
[INFO] [stdout]    --> src/default_exchanges/dedup.rs:202:29
[INFO] [stdout]     |
[INFO] [stdout] 202 |             operation_name: OPERATION_NAME
[INFO] [stdout]     |                             ^^^^^^^^^^^^^^ not found in this scope
[INFO] [stdout] 
[INFO] [stdout] 
[INFO] [stdout] error[E0412]: cannot find type `GetConference` in this scope
[INFO] [stdout]    --> src/default_exchanges/dedup.rs:207:27
[INFO] [stdout]     |
[INFO] [stdout] 207 |     impl GraphQLQuery for GetConference {
[INFO] [stdout]     |                           ^^^^^^^^^^^^^ not found in this scope
[INFO] [stdout] 
[INFO] [stdout] 
[INFO] [stdout] error[E0412]: cannot find type `Variables` in this scope
[INFO] [stdout]    --> src/default_exchanges/dedup.rs:208:26
[INFO] [stdout]     |
[INFO] [stdout] 208 |         type Variables = Variables;
[INFO] [stdout]     |                          ^^^^^^^^^ help: try: `Self::Variables`
[INFO] [stdout] 
[INFO] [stdout] 
[INFO] [stdout] error[E0412]: cannot find type `ResponseData` in this scope
[INFO] [stdout]    --> src/default_exchanges/dedup.rs:209:29
[INFO] [stdout]     |
[INFO] [stdout] 209 |         type ResponseData = ResponseData;
[INFO] [stdout]     |                             ^^^^^^^^^^^^ help: try: `Self::ResponseData`
[INFO] [stdout] 
[INFO] [stdout] 
[INFO] [stdout] error[E0412]: cannot find type `Variables` in this scope
[INFO] [stdout]    --> src/default_exchanges/dedup.rs:216:20
[INFO] [stdout]     |
[INFO] [stdout] 216 |     impl QueryInfo<Variables> for ResponseData {
[INFO] [stdout]     |         -          ^^^^^^^^^ not found in this scope
[INFO] [stdout]     |         |
[INFO] [stdout]     |         help: you might be missing a type parameter: `<Variables>`
[INFO] [stdout] 
[INFO] [stdout] 
[INFO] [stdout] error[E0412]: cannot find type `ResponseData` in this scope
[INFO] [stdout]    --> src/default_exchanges/dedup.rs:216:35
[INFO] [stdout]     |
[INFO] [stdout] 216 |     impl QueryInfo<Variables> for ResponseData {
[INFO] [stdout]     |                                   ^^^^^^^^^^^^ help: a struct with a similar name exists: `Response`
[INFO] [stdout]     | 
[INFO] [stdout]    ::: src/lib.rs:240:1
[INFO] [stdout]     |
[INFO] [stdout] 240 | pub struct Response<Data: Clone> {
[INFO] [stdout]     | -------------------------------- similarly named struct `Response` defined here
[INFO] [stdout] 
[INFO] [stdout] 
[INFO] [stdout] error[E0412]: cannot find type `Variables` in this scope
[INFO] [stdout]    --> src/default_exchanges/dedup.rs:217:35
[INFO] [stdout]     |
[INFO] [stdout] 217 |         fn selection(_variables: &Variables) -> Vec<FieldSelector> {
[INFO] [stdout]     |                                   ^^^^^^^^^ not found in this scope
[INFO] [stdout] 
[INFO] [stdout] 
[INFO] [stdout] error[E0412]: cannot find type `GetConference` in this scope
[INFO] [stdout]    --> src/default_exchanges/dedup.rs:228:35
[INFO] [stdout]     |
[INFO] [stdout] 223 |     async fn test_dedup() {
[INFO] [stdout]     |                        - help: you might be missing a type parameter: `<GetConference>`
[INFO] [stdout] ...
[INFO] [stdout] 228 |         let fut1 = EXCHANGE.run::<GetConference, _>(
[INFO] [stdout]     |                                   ^^^^^^^^^^^^^ not found in this scope
[INFO] [stdout] 
[INFO] [stdout] 
[INFO] [stdout] error[E0412]: cannot find type `GetConference` in this scope
[INFO] [stdout]    --> src/default_exchanges/dedup.rs:232:35
[INFO] [stdout]     |
[INFO] [stdout] 223 |     async fn test_dedup() {
[INFO] [stdout]     |                        - help: you might be missing a type parameter: `<GetConference>`
[INFO] [stdout] ...
[INFO] [stdout] 232 |         let fut2 = EXCHANGE.run::<GetConference, _>(
[INFO] [stdout]     |                                   ^^^^^^^^^^^^^ not found in this scope
[INFO] [stdout] 
[INFO] [stdout] 
[INFO] [stdout] error[E0433]: failed to resolve: use of undeclared type or module `artemis_test`
[INFO] [stdout]   --> tests/integration.rs:19:9
[INFO] [stdout]    |
[INFO] [stdout] 19 |     use artemis_test::get_conference::{get_conference::*, GetConference};
[INFO] [stdout]    |         ^^^^^^^^^^^^ use of undeclared type or module `artemis_test`
[INFO] [stdout] 
[INFO] [stdout] 
[INFO] [stdout] error[E0433]: failed to resolve: use of undeclared type or module `artemis_test`
[INFO] [stdout]   --> tests/integration.rs:60:9
[INFO] [stdout]    |
[INFO] [stdout] 60 |     use artemis_test::get_conference::{get_conference::*, GetConference};
[INFO] [stdout]    |         ^^^^^^^^^^^^ use of undeclared type or module `artemis_test`
[INFO] [stdout] 
[INFO] [stdout] 
[INFO] [stdout] error[E0433]: failed to resolve: use of undeclared type or module `artemis_test`
[INFO] [stdout]    --> tests/integration.rs:115:9
[INFO] [stdout]     |
[INFO] [stdout] 115 |     use artemis_test::get_conference::{get_conference::*, GetConference};
[INFO] [stdout]     |         ^^^^^^^^^^^^ use of undeclared type or module `artemis_test`
[INFO] [stdout] 
[INFO] [stdout] 
[INFO] [stdout] error[E0433]: failed to resolve: use of undeclared type or module `artemis_test`
[INFO] [stdout]    --> tests/integration.rs:142:9
[INFO] [stdout]     |
[INFO] [stdout] 142 |     use artemis_test::add_conference::AddConference;
[INFO] [stdout]     |         ^^^^^^^^^^^^ use of undeclared type or module `artemis_test`
[INFO] [stdout] 
[INFO] [stdout] 
[INFO] [stdout] error[E0432]: unresolved imports `artemis_test::get_conference::GetConference`, `artemis_test::get_conference::GetConference`, `artemis_test::get_conference::GetConference`, `artemis_test::add_conference::AddConference`
[INFO] [stdout]    --> tests/integration.rs:19:59
[INFO] [stdout]     |
[INFO] [stdout] 19  |     use artemis_test::get_conference::{get_conference::*, GetConference};
[INFO] [stdout]     |                                                           ^^^^^^^^^^^^^
[INFO] [stdout] ...
[INFO] [stdout] 60  |     use artemis_test::get_conference::{get_conference::*, GetConference};
[INFO] [stdout]     |                                                           ^^^^^^^^^^^^^
[INFO] [stdout] ...
[INFO] [stdout] 115 |     use artemis_test::get_conference::{get_conference::*, GetConference};
[INFO] [stdout]     |                                                           ^^^^^^^^^^^^^
[INFO] [stdout] ...
[INFO] [stdout] 142 |     use artemis_test::add_conference::AddConference;
[INFO] [stdout]     |         ^^^^^^^^^^^^^^^^^^^^^^^^^^^^^^^^^^^^^^^^^^^
[INFO] [stdout] 
[INFO] [stdout] 
[INFO] [stdout] error[E0433]: failed to resolve: use of undeclared type or module `artemis_test`
[INFO] [stdout]  --> benches/integration_bench.rs:8:5
[INFO] [stdout]   |
[INFO] [stdout] 8 | use artemis_test::get_conference::{get_conference::Variables, GetConference};
[INFO] [stdout]   |     ^^^^^^^^^^^^ use of undeclared type or module `artemis_test`
[INFO] [stdout] 
[INFO] [stdout] 
[INFO] [stdout] error[E0433]: failed to resolve: use of undeclared type or module `artemis_test`
[INFO] [stdout]   --> benches/integration_bench.rs:32:13
[INFO] [stdout]    |
[INFO] [stdout] 32 |         use artemis_test::get_conference::get_conference::{GetConferenceConference, ResponseData};
[INFO] [stdout]    |             ^^^^^^^^^^^^ use of undeclared type or module `artemis_test`
[INFO] [stdout] 
[INFO] [stdout] 
[INFO] [stdout] error[E0433]: failed to resolve: use of undeclared type or module `artemis_test`
[INFO] [stdout]    --> tests/integration.rs:144:30
[INFO] [stdout]     |
[INFO] [stdout] 144 |     let mutation_variables = artemis_test::add_conference::add_conference::Variables {
[INFO] [stdout]     |                              ^^^^^^^^^^^^ use of undeclared type or module `artemis_test`
[INFO] [stdout] 
[INFO] [stdout] 
[INFO] [stdout] error[E0422]: cannot find struct, variant or union type `Variables` in this scope
[INFO] [stdout]   --> tests/integration.rs:20:21
[INFO] [stdout]    |
[INFO] [stdout] 20 |     let variables = Variables {
[INFO] [stdout]    |                     ^^^^^^^^^ not found in this scope
[INFO] [stdout] 
[INFO] [stdout] 
[INFO] [stdout] error[E0425]: cannot find value `GetConference` in this scope
[INFO] [stdout]   --> tests/integration.rs:23:31
[INFO] [stdout]    |
[INFO] [stdout] 23 |     let result = client.query(GetConference, variables).await;
[INFO] [stdout]    |                               ^^^^^^^^^^^^^ not found in this scope
[INFO] [stdout] 
[INFO] [stdout] 
[INFO] [stdout] error[E0422]: cannot find struct, variant or union type `Variables` in this scope
[INFO] [stdout]   --> tests/integration.rs:61:21
[INFO] [stdout]    |
[INFO] [stdout] 61 |     let variables = Variables {
[INFO] [stdout]    |                     ^^^^^^^^^ not found in this scope
[INFO] [stdout] 
[INFO] [stdout] 
[INFO] [stdout] error[E0425]: cannot find value `GetConference` in this scope
[INFO] [stdout]   --> tests/integration.rs:66:31
[INFO] [stdout]    |
[INFO] [stdout] 66 |     let result = client.query(GetConference, variables.clone()).await;
[INFO] [stdout]    |                               ^^^^^^^^^^^^^ not found in this scope
[INFO] [stdout] 
[INFO] [stdout] 
[INFO] [stdout] error[E0425]: cannot find value `GetConference` in this scope
[INFO] [stdout]   --> tests/integration.rs:87:31
[INFO] [stdout]    |
[INFO] [stdout] 87 |     let result = client.query(GetConference, variables.clone()).await;
[INFO] [stdout]    |                               ^^^^^^^^^^^^^ not found in this scope
[INFO] [stdout] 
[INFO] [stdout] 
[INFO] [stdout] error[E0422]: cannot find struct, variant or union type `Variables` in this scope
[INFO] [stdout]    --> tests/integration.rs:116:21
[INFO] [stdout]     |
[INFO] [stdout] 116 |     let variables = Variables {
[INFO] [stdout]     |                     ^^^^^^^^^ not found in this scope
[INFO] [stdout] 
[INFO] [stdout] 
[INFO] [stdout] error[E0425]: cannot find value `GetConference` in this scope
[INFO] [stdout]    --> tests/integration.rs:121:31
[INFO] [stdout]     |
[INFO] [stdout] 121 |     let result = client.query(GetConference, variables.clone()).await;
[INFO] [stdout]     |                               ^^^^^^^^^^^^^ not found in this scope
[INFO] [stdout] 
[INFO] [stdout] 
[INFO] [stdout] error[E0425]: cannot find value `AddConference` in this scope
[INFO] [stdout]    --> tests/integration.rs:148:31
[INFO] [stdout]     |
[INFO] [stdout] 148 |     let result = client.query(AddConference, mutation_variables).await;
[INFO] [stdout]     |                               ^^^^^^^^^^^^^ not found in this scope
[INFO] [stdout] 
[INFO] [stdout] 
[INFO] [stdout] error[E0425]: cannot find value `GetConference` in this scope
[INFO] [stdout]    --> tests/integration.rs:156:31
[INFO] [stdout]     |
[INFO] [stdout] 156 |     let result = client.query(GetConference, variables.clone()).await;
[INFO] [stdout]     |                               ^^^^^^^^^^^^^ not found in this scope
[INFO] [stdout] 
[INFO] [stdout] 
[INFO] [stdout] error[E0422]: cannot find struct, variant or union type `ResponseData` in this scope
[INFO] [stdout]    --> benches/integration_bench.rs:36:25
[INFO] [stdout]     |
[INFO] [stdout] 36  |         let data = Some(ResponseData {
[INFO] [stdout]     |                         ^^^^^^^^^^^^ help: a struct with a similar name exists: `Response`
[INFO] [stdout]     | 
[INFO] [stdout]    ::: /opt/rustwide/workdir/src/lib.rs:240:1
[INFO] [stdout]     |
[INFO] [stdout] 240 | pub struct Response<Data: Clone> {
[INFO] [stdout]     | -------------------------------- similarly named struct `Response` defined here
[INFO] [stdout] 
[INFO] [stdout] 
[INFO] [stdout] error[E0422]: cannot find struct, variant or union type `GetConferenceConference` in this scope
[INFO] [stdout]   --> benches/integration_bench.rs:37:30
[INFO] [stdout]    |
[INFO] [stdout] 37 |             conference: Some(GetConferenceConference {
[INFO] [stdout]    |                              ^^^^^^^^^^^^^^^^^^^^^^^ not found in this scope
[INFO] [stdout] 
[INFO] [stdout] 
[INFO] [stdout] error[E0422]: cannot find struct, variant or union type `Variables` in this scope
[INFO] [stdout]   --> benches/integration_bench.rs:75:33
[INFO] [stdout]    |
[INFO] [stdout] 75 |                 let variables = Variables { id: id.to_string() };
[INFO] [stdout]    |                                 ^^^^^^^^^ not found in this scope
[INFO] [stdout] 
[INFO] [stdout] 
[INFO] [stdout] error[E0425]: cannot find value `GetConference` in this scope
[INFO] [stdout]   --> benches/integration_bench.rs:76:30
[INFO] [stdout]    |
[INFO] [stdout] 76 |                 client.query(GetConference, variables)
[INFO] [stdout]    |                              ^^^^^^^^^^^^^ not found in this scope
[INFO] [stdout] 
[INFO] [stdout] 
[INFO] [stdout] error[E0412]: cannot find type `Variables` in this scope
[INFO] [stdout]   --> benches/integration_bench.rs:95:27
[INFO] [stdout]    |
[INFO] [stdout] 85 | pub fn benchmark_cached_queries(c: &mut Criterion) {
[INFO] [stdout]    |                                - help: you might be missing a type parameter: `<Variables>`
[INFO] [stdout] ...
[INFO] [stdout] 95 |     let variable_set: Vec<Variables> = (0..n).map(|i| Variables { id: i.to_string() }).collect();
[INFO] [stdout]    |                           ^^^^^^^^^ not found in this scope
[INFO] [stdout] 
[INFO] [stdout] 
[INFO] [stdout] error[E0422]: cannot find struct, variant or union type `Variables` in this scope
[INFO] [stdout]   --> benches/integration_bench.rs:95:55
[INFO] [stdout]    |
[INFO] [stdout] 95 |     let variable_set: Vec<Variables> = (0..n).map(|i| Variables { id: i.to_string() }).collect();
[INFO] [stdout]    |                                                       ^^^^^^^^^ not found in this scope
[INFO] [stdout] 
[INFO] [stdout] 
[INFO] [stdout] error[E0425]: cannot find value `GetConference` in this scope
[INFO] [stdout]    --> benches/integration_bench.rs:105:30
[INFO] [stdout]     |
[INFO] [stdout] 105 |                 client.query(GetConference, variables)
[INFO] [stdout]     |                              ^^^^^^^^^^^^^ not found in this scope
[INFO] [stdout] 
[INFO] [stdout] 
[INFO] [stdout] error[E0412]: cannot find type `Variables` in this scope
[INFO] [stdout]    --> benches/integration_bench.rs:124:27
[INFO] [stdout]     |
[INFO] [stdout] 114 | pub fn benchmark_real_world(c: &mut Criterion) {
[INFO] [stdout]     |                            - help: you might be missing a type parameter: `<Variables>`
[INFO] [stdout] ...
[INFO] [stdout] 124 |     let variable_set: Vec<Variables> = (0..n).map(|i| Variables { id: i.to_string() }).collect();
[INFO] [stdout]     |                           ^^^^^^^^^ not found in this scope
[INFO] [stdout] 
[INFO] [stdout] 
[INFO] [stdout] error[E0422]: cannot find struct, variant or union type `Variables` in this scope
[INFO] [stdout]    --> benches/integration_bench.rs:124:55
[INFO] [stdout]     |
[INFO] [stdout] 124 |     let variable_set: Vec<Variables> = (0..n).map(|i| Variables { id: i.to_string() }).collect();
[INFO] [stdout]     |                                                       ^^^^^^^^^ not found in this scope
[INFO] [stdout] 
[INFO] [stdout] 
[INFO] [stdout] error[E0425]: cannot find value `GetConference` in this scope
[INFO] [stdout]    --> benches/integration_bench.rs:135:30
[INFO] [stdout]     |
[INFO] [stdout] 135 |                 client.query(GetConference, variables)
[INFO] [stdout]     |                              ^^^^^^^^^^^^^ not found in this scope
[INFO] [stdout] 
[INFO] [stdout] 
[INFO] [stdout] error[E0603]: trait `Exchange` is private
[INFO] [stdout]    --> benches/integration_bench.rs:6:20
[INFO] [stdout]     |
[INFO] [stdout] 6   |     ClientBuilder, Exchange, ExchangeFactory, Operation, OperationResult, Response
[INFO] [stdout]     |                    ^^^^^^^^ private trait
[INFO] [stdout]     |
[INFO] [stdout] note: the trait `Exchange` is defined here
[INFO] [stdout]    --> /opt/rustwide/workdir/src/lib.rs:118:5
[INFO] [stdout]     |
[INFO] [stdout] 118 | use types::*;
[INFO] [stdout]     |     ^^^^^^^^
[INFO] [stdout] 
[INFO] [stdout] 
[INFO] [stdout] error[E0603]: trait `ExchangeFactory` is private
[INFO] [stdout]    --> benches/integration_bench.rs:6:30
[INFO] [stdout]     |
[INFO] [stdout] 6   |     ClientBuilder, Exchange, ExchangeFactory, Operation, OperationResult, Response
[INFO] [stdout]     |                              ^^^^^^^^^^^^^^^ private trait
[INFO] [stdout]     |
[INFO] [stdout] note: the trait `ExchangeFactory` is defined here
[INFO] [stdout]    --> /opt/rustwide/workdir/src/lib.rs:118:5
[INFO] [stdout]     |
[INFO] [stdout] 118 | use types::*;
[INFO] [stdout]     |     ^^^^^^^^
[INFO] [stdout] 
[INFO] [stdout] 
[INFO] [stdout] error[E0603]: struct `Operation` is private
[INFO] [stdout]    --> benches/integration_bench.rs:6:47
[INFO] [stdout]     |
[INFO] [stdout] 6   |     ClientBuilder, Exchange, ExchangeFactory, Operation, OperationResult, Response
[INFO] [stdout]     |                                               ^^^^^^^^^ private struct
[INFO] [stdout]     |
[INFO] [stdout] note: the struct `Operation` is defined here
[INFO] [stdout]    --> /opt/rustwide/workdir/src/lib.rs:118:5
[INFO] [stdout]     |
[INFO] [stdout] 118 | use types::*;
[INFO] [stdout]     |     ^^^^^^^^
[INFO] [stdout] 
[INFO] [stdout] 
[INFO] [stdout] error[E0603]: struct `OperationResult` is private
[INFO] [stdout]    --> benches/integration_bench.rs:6:58
[INFO] [stdout]     |
[INFO] [stdout] 6   |     ClientBuilder, Exchange, ExchangeFactory, Operation, OperationResult, Response
[INFO] [stdout]     |                                                          ^^^^^^^^^^^^^^^ private struct
[INFO] [stdout]     |
[INFO] [stdout] note: the struct `OperationResult` is defined here
[INFO] [stdout]    --> /opt/rustwide/workdir/src/lib.rs:118:5
[INFO] [stdout]     |
[INFO] [stdout] 118 | use types::*;
[INFO] [stdout]     |     ^^^^^^^^
[INFO] [stdout] 
[INFO] [stdout] 
[INFO] [stdout] error: aborting due to 15 previous errors
[INFO] [stdout] 
[INFO] [stdout] 
[INFO] [stderr] error: could not compile `artemis`.
[INFO] [stdout] Some errors have detailed explanations: E0422, E0425, E0432, E0433.
[INFO] [stdout] 
[INFO] [stderr] 
[INFO] [stdout] For more information about an error, try `rustc --explain E0422`.
[INFO] [stdout] 
[INFO] [stderr] To learn more, run the command again with --verbose.
[INFO] [stderr] warning: build failed, waiting for other jobs to finish...
[INFO] [stdout] error: aborting due to 16 previous errors
[INFO] [stdout] 
[INFO] [stdout] 
[INFO] [stdout] Some errors have detailed explanations: E0412, E0422, E0425, E0433, E0603.
[INFO] [stdout] 
[INFO] [stdout] For more information about an error, try `rustc --explain E0412`.
[INFO] [stdout] 
[INFO] [stdout] error[E0599]: no method named `clone` found for struct `VARIABLES` in the current scope
[INFO] [stdout]    --> src/default_exchanges/dedup.rs:224:51
[INFO] [stdout]     |
[INFO] [stdout] 133 | /     lazy_static! {
[INFO] [stdout] 134 | |         static ref VARIABLES: Variables = Variables {
[INFO] [stdout] 135 | |             id: "1".to_string()
[INFO] [stdout] 136 | |         };
[INFO] [stdout] 137 | |         static ref EXCHANGE: DedupExchangeImpl<FakeFetchExchange> =
[INFO] [stdout] 138 | |             DedupExchange.build(FakeFetchExchange);
[INFO] [stdout] 139 | |     }
[INFO] [stdout]     | |_____- method `clone` not found for this
[INFO] [stdout] ...
[INFO] [stdout] 224 |           let (query, meta) = build_query(VARIABLES.clone());
[INFO] [stdout]     |                                                     ^^^^^ method not found in `VARIABLES`
[INFO] [stdout]     |
[INFO] [stdout]     = help: items from traits can only be used if the trait is implemented and in scope
[INFO] [stdout]     = note: the following trait defines an item `clone`, perhaps you need to implement it:
[INFO] [stdout]             candidate #1: `Clone`
[INFO] [stdout] 
[INFO] [stdout] 
[INFO] [stdout] error: aborting due to 18 previous errors
[INFO] [stdout] 
[INFO] [stdout] 
[INFO] [stdout] Some errors have detailed explanations: E0412, E0422, E0425, E0433, E0599.
[INFO] [stdout] 
[INFO] [stdout] For more information about an error, try `rustc --explain E0412`.
[INFO] [stdout] 
[INFO] [stderr] error: build failed
[INFO] running `Command { std: "docker" "inspect" "861327c25b1f54956cce6fd7b8227481052b9459d56932256380e48e9165b038", kill_on_drop: false }`
[INFO] running `Command { std: "docker" "rm" "-f" "861327c25b1f54956cce6fd7b8227481052b9459d56932256380e48e9165b038", kill_on_drop: false }`
[INFO] [stdout] 861327c25b1f54956cce6fd7b8227481052b9459d56932256380e48e9165b038
